vided by 8?
1
Calculate the remainder when 119 is divided by 26.
15
Calculate the remainder when 376 is divided by 18.
16
Calculate the remainder when 172 is divided by 20.
12
What is the remainder when 312 is divided by 51?
6
What is the remainder when 195 is divided by 54?
33
What is the remainder when 9224 is divided by 355?
349
What is the remainder when 635 is divided by 9?
5
What is the remainder when 47 is divided by 15?
2
Calculate the remainder when 1635 is divided by 42.
39
Calculate the remainder when 279 is divided by 163.
116
Calculate the remainder when 18 is divided by 11.
7
Calculate the remainder when 235 is divided by 35.
25
Calculate the remainder when 61 is divided by 27.
7
Calculate the remainder when 647 is divided by 8.
7
Calculate the remainder when 56763 is divided by 92.
91
What is the remainder when 392 is divided by 99?
95
What is the remainder when 63 is divided by 14?
7
What is the remainder when 1799 is divided by 75?
74
Calculate the remainder when 336 is divided by 68.
64
What is the remainder when 191 is divided by 63?
2
Calculate the remainder when 327 is divided by 12.
3
What is the remainder when 148 is divided by 73?
2
What is the remainder when 188 is divided by 7?
6
Calculate the remainder when 1692 is divided by 106.
102
What is the remainder when 389 is divided by 38?
9
What is the remainder when 247 is divided by 70?
37
Calculate the remainder when 3303 is divided by 69.
60
What is the remainder when 559 is divided by 187?
185
What is the remainder when 82 is divided by 32?
18
Calculate the remainder when 177 is divided by 57.
6
Calculate the remainder when 149 is divided by 9.
5
Calculate the remainder when 2410 is divided by 21.
16
What is the remainder when 21 is divided by 11?
10
Calculate the remainder when 54 is divided by 29.
25
Calculate the remainder when 691 is divided by 68.
11
Calculate the remainder when 144 is divided by 39.
27
What is the remainder when 2498 is divided by 61?
58
Calculate the remainder when 4709 is divided by 7.
5
What is the remainder when 813 is divided by 82?
75
Calculate the remainder when 288 is divided by 81.
45
Calculate the remainder when 221 is divided by 16.
13
What is the remainder when 56 is divided by 44?
12
Calculate the remainder when 133 is divided by 133.
0
Calculate the remainder when 2360 is divided by 129.
38
Calculate the remainder when 281 is divided by 57.
53
Calculate the remainder when 66 is divided by 23.
20
What is the remainder when 745 is divided by 68?
65
Calculate the remainder when 133 is divided by 19.
0
Calculate the remainder when 27656 is divided by 439.
438
Calculate the remainder when 14 is divided by 2.
0
What is the remainder when 26401 is divided by 28?
25
What is the remainder when 134 is divided by 124?
10
What is the remainder when 13214 is divided by 56?
54
Calculate the remainder when 156 is divided by 4.
0
Calculate the remainder when 233 is divided by 203.
30
Calculate the remainder when 1504 is divided by 372.
16
What is the remainder when 830 is divided by 211?
197
Calculate the remainder when 139 is divided by 7.
6
Calculate the remainder when 1630 is divided by 405.
10
What is the remainder when 23 is divided by 9?
5
Calculate the remainder when 129 is divided by 22.
19
What is the remainder when 513 is divided by 256?
1
What is the remainder when 26054 is divided by 71?
68
Calculate the remainder when 346 is divided by 132.
82
Calculate the remainder when 462 is divided by 152.
6
Calculate the remainder when 69 is divided by 37.
32
Calculate the remainder when 1859 is divided by 6.
5
What is the remainder when 8009 is divided by 334?
327
Calculate the remainder when 473 is divided by 25.
23
What is the remainder when 1316 is divided by 431?
23
What is the remainder when 43404 is divided by 9?
6
Calculate the remainder when 604 is divided by 65.
19
Calculate the remainder when 63 is divided by 26.
11
Calculate the remainder when 441 is divided by 302.
139
Calculate the remainder when 164 is divided by 3.
2
What is the remainder when 2192 is divided by 183?
179
Calculate the remainder when 420 is divided by 48.
36
What is the remainder when 261 is divided by 88?
85
What is the remainder when 218 is divided by 19?
9
Calculate the remainder when 179 is divided by 15.
14
Calculate the remainder when 430 is divided by 31.
27
Calculate the remainder when 232 is divided by 14.
8
Calculate the remainder when 216 is divided by 98.
20
What is the remainder when 1073 is divided by 11?
6
What is the remainder when 59 is divided by 29?
1
What is the remainder when 3824 is divided by 3?
2
Calculate the remainder when 6093 is divided by 25.
18
Calculate the remainder when 201 is divided by 16.
9
Calculate the remainder when 47 is divided by 15.
2
What is the remainder when 3853 is divided by 28?
17
Calculate the remainder when 244 is divided by 66.
46
Calculate the remainder when 368 is divided by 10.
8
What is the remainder when 38 is divided by 10?
8
What is the remainder when 662 is divided by 651?
11
Calculate the remainder when 12 is divided by 1.
0
Calculate the remainder when 73 is divided by 14.
3
Calculate the remainder when 114 is divided by 39.
36
What is the remainder when 40 is divided by 17?
6
Calculate the remainder when 1888 is divided by 484.
436
Calculate the remainder when 17479 is divided by 8.
7
Calculate the remainder when 256 is divided by 37.
34
What is the remainder when 1764 is divided by 109?
20
What is the remainder when 484 is divided by 239?
6
What is the remainder when 215 is divided by 27?
26
What is the remainder when 287 is divided by 29?
26
What is the remainder when 334 is divided by 70?
54
What is the remainder when 4087 is divided by 33?
28
Calculate the remainder when 3588 is divided by 21.
18
Calculate the remainder when 1750 is divided by 24.
22
Calculate the remainder when 103 is divided by 18.
13
Calculate the remainder when 279 is divided by 76.
51
What is the remainder when 2087 is divided by 12?
11
What is the remainder when 2636 is divided by 24?
20
Calculate the remainder when 135 is divided by 70.
65
Calculate the remainder when 9117 is divided by 48.
45
Calculate the remainder when 79 is divided by 50.
29
What is the remainder when 289 is divided by 14?
9
Calculate the remainder when 10458 is divided by 1494.
0
What is the remainder when 2820 is divided by 26?
12
What is the remainder when 440 is divided by 26?
24
What is the remainder when 2199 is divided by 11?
10
Calculate the remainder when 622 is divided by 76.
14
What is the remainder when 2119 is divided by 125?
119
What is the remainder when 7634 is divided by 201?
197
What is the remainder when 108 is divided by 33?
9
What is the remainder when 34944 is divided by 29?
28
Calculate the remainder when 139 is divided by 129.
10
Calculate the remainder when 114 is divided by 29.
27
What is the remainder when 268 is divided by 71?
55
What is the remainder when 701 is divided by 16?
13
Calculate the remainder when 15800 is divided by 229.
228
Calculate the remainder when 173 is divided by 30.
23
What is the remainder when 262 is divided by 63?
10
What is the remainder when 5 is divided by 2?
1
What is the remainder when 39957 is divided by 24?
21
What is the remainder when 998 is divided by 336?
326
What is the remainder when 242 is divided by 2?
0
Calculate the remainder when 6896 is divided by 27.
11
What is the remainder when 3759 is divided by 938?
7
What is the remainder when 218 is divided by 35?
8
Calculate the remainder when 114 is divided by 26.
10
Calculate the remainder when 6038 is divided by 99.
98
What is the remainder when 11107 is divided by 195?
187
Calculate the remainder when 148 is divided by 77.
71
Calculate the remainder when 236 is divided by 77.
5
Calculate the remainder when 65 is divided by 22.
21
Calculate the remainder when 899 is divided by 254.
137
Calculate the remainder when 3357 is divided by 60.
57
Calculate the remainder when 1376 is divided by 138.
134
What is the remainder when 7628 is divided by 6?
2
What is the remainder when 41 is divided by 19?
3
What is the remainder when 1983 is divided by 92?
51
What is the remainder when 103 is divided by 33?
4
Calculate the remainder when 617 is di